 3 = g*k, -6 = 5*p - 4*k + 3. Let x(h) = -h**3 - 6*h**2 - 5*h + 7. Determine x(p).
7
Let h be 5/(-1) - (1 - 3). Let x(w) be the second derivative of -w**5/20 - w**4/3 - 2*w**3/3 + w**2/2 - 6*w - 2. What is x(h)?
4
Let w(r) be the second derivative of -3*r**4/4 - r**3/6 + 99*r. Determine w(-1).
-8
Suppose 0 = -44*m - 417 - 199. Let r(w) = -w + 4. Determine r(m).
18
Suppose -76 + 18 = 2*l. Let c = l - -31. Let i(q) = -3*q**2 + 2*q - 2. Give i(c).
-10
Let t = -71 + 73. Let d(a) = -4 - 2*a + 1266*a**t - 1265*a**2 - a. Give d(6).
14
Let k(w) = w**2 - 5*w - 3. Let g be 44/9 - (-9)/81. Let o be (-2)/7 + (-130)/(-14). Let f be 40/12*o/g. Give k(f).
3
Let m(p) = -9*p**3 - 2*p**2 - 2*p - 1. Let k be (9 + (-15)/5)*(0 - -4). Let a be (-1)/2*2*4. Let v be (-20)/k - a/(-24). Calculate m(v).
8
Let m be (-4)/14 - (-680)/(-70). Let v = -9 - m. Let o(w) = -20*w + 13*w + 10*w. Calculate o(v).
3
Let i(u) be the third derivative of 11*u**5/60 + u**4/12 - u**3/3 + 6*u**2. Let z be i(1). Let g = z - 5. Let y(m) = -m**2 + 7*m - 1. What is y(g)?
5
Let c(a) = -a**3 - 5*a**2 + 3*a - 16. Let l be c(-6). Let m(w) = -5*w - 3*w + 2 + 2*w + 0*w. What is m(l)?
-10
Let a(x) = x**2 - 6*x - 1. Let k(h) = 7*h**2 - 39*h - 1. Let d(o) = -5*a(o) + k(o). Calculate d(6).
22
Let p(o) = 2*o**3 - 4*o**2 + 3*o - 2. Let q be 179/(-4) - 2/(-16)*6. Let z = 46 + q. Give p(z).
4
Let g(h) be the second derivative of 2*h**3/3 - h**2 - h + 57. Calculate g(-10).
-42
Let t(o) = -o**3 - 8*o**2 - o - 3. Let w be t(-8). Let h(v) = 2 + 4*v + 5 - w*v - 2. What is h(-7)?
12
Suppose -4*q + 17 = -a, -1 = -3*q + q - a. Let g(l) = -q*l - l**2 + 2*l**2 - l + 0*l. Let d be 78/15 + 3/(-15). What is g(d)?
5
Let i = -36 + 42. Let w(z) = -434*z - 1 - 437*z + z**3 - 7*z**2 + 876*z. Determine w(i).
-7
Let i(z) be the third derivative of z**6/120 - z**5/15 - 7*z**4/24 + 5*z**3/6 - 3*z**2 - 23. Suppose -d - 6 = -3*d. Suppose -2*c + 7 = -d. Calculate i(c).
-5
Let z(p) = -3*p**2 - 1 + 4*p**2 - 3*p**3 - p**3 + p + 5*p**3. Suppose -5*q - 3*m = -19, 3*m = -2*q + 5*m - 2. Calculate z(q).
13
Let f(g) = -3*g - 4. Let s be 13/(104/32) + -1. What is f(s)?
-13
Let t(g) be the second derivative of -3*g**4/4 + 6*g + 2. What is t(-1)?
-9
Let t = 20 - 26. Let b(u) = 2*u - 3. What is b(t)?
-15
Let a(k) = -10*k - 6. Let f(b) = -26*b - 12. Let h(j) = -23*j - 11. Let s(p) = 4*f(p) - 5*h(p). Let v(y) = 7*a(y) + 6*s(y). Let q = -4 + 3. What is v(q)?
4
Suppose -11 = -y - 0*y. Let c = y + -16. Let q(h) = -2*h**2 - 4*h + 1 + 2*h**2 - h**2. Give q(c).
-4
Let j be (1/(-3))/(9/27). Let m(n) = -12*n. Determine m(j).
12
Let l be 15/(-30)*(1 + -1). Suppose -117 = m - l*m. Let w be (-325)/m - (-4)/18. Let j(z) = z**3 - 2*z**2 - 4*z - 1. Determine j(w).
-4
Let f(o) = 5*o**2 + o - 2. Suppose 8*k - 9 = -k. Let u be f(k). Let z(j) be the first derivative of -j**4/4 + j**3 + 3*j**2/2 + 5*j + 2. Calculate z(u).
1
Let r(p) be the first derivative of 8 + 1/2*p**2 - p. Determine r(5).
4
Suppose 19 = -30*i - 131. Let j(q) = q**2 - 3*q + 2. Calculate j(i).
42
Suppose 16 = -92*o + 100*o. Let d(c) = -5 - 112*c**2 - 7*c + 111*c**o + 0. What is d(-4)?
7
Let m(v) = -14 - 1 + 16*v - 11 + 80*v**2 + 3 - 81*v**2. Give m(14).
5
Let r = 867 - 866. Let g(j) = 4*j**2 + 2*j - 2. What is g(r)?
4
Suppose 133 - 21 = 8*o. Let l(b) = -39 + 22 + b + o. What is l(7)?
4
Let k(v) = -3*v**2 + 5*v - 3. Let o(u) = u**2 - u + 1. Let x(f) = f + 7. Let j be x(-3). Suppose -j*m = -0*m + 4. Let c(h) = m*k(h) - 2*o(h). Give c(4).
5
Let i(q) be the third derivative of -q**5/60 - q**4/3 + 3*q**3/2 + q**2 - 20. Determine i(-10).
-11
Let o = -9 - -5. Let p = o - -2. Let g(c) = -c**2 + 2*c. Let z(i) = 2*i**2 - 2*i + 1. Let h(w) = 4*g(w) + 3*z(w). Calculate h(p).
7
Suppose 0 = 5*g + 2*y - 4*y + 149, -3*y + 122 = -4*g. Let h = g + 31. Let q(f) = 2*f**h - 5*f**2 - 1 + 4*f**2 + f**3. Give q(-1).
-1
Let m(p) = p + 8. Let q(n) = n**2 - 13*n + 6. Let d = 5 - 2. Suppose -7 = -d*r + 29. Let v be q(r). Determine m(v).
2
Let d = 82 + -76. Suppose 270*b - 272*b = -d. Let z(t) = 6*t + 3. Give z(b).
21
Let m(u) = -6*u + 2 + 6*u - u. What is m(-7)?
9
Suppose 0 = 3*i - 8*i - 215. Let f be i/(-9) + 6/27. Suppose -8 = -f*n + 2. Let m(z) = -z**3 + 2*z**2 - 3*z + 3. Calculate m(n).
-3
Let j(w) be the first derivative of -1/3*w**3 + 5/2*w**2 + 8*w + 26. What is j(7)?
-6
Let o(a) be the third derivative of a**5/60 + a**4/4 + a**3/2 - 6*a**2 + 1. Give o(-3).
-6
Let k(x) = x**3 + x - 2. Suppose 22*t + 36 = 4*t. Calculate k(t).
-12
Suppose 0 = z + 5*a - 20, 5*a - 16 = 4*z + 29. Let q(u) = -u**3 - 5*u**2 - 2*u - 5. What is q(z)?
5
Let k(v) = -v**2 + 2*v + v**2 - 3 + v**2. Let y(z) = z - 1. Let g(n) = k(n) - 4*y(n). Suppose 0 = 3*l + 5*c - 8, -l + 5*c - 3*c - 1 = 0. Give g(l).
0
Let u(p) = -p + 8. Let o be u(-4). Let n(c) = 9*c + c + 12*c**2 + o - 19*c**2 - c**3. Let q = -25 + 17. Calculate n(q).
-4
Let v(k) = 2*k + 9. Let f(p) = -p**3 + 19*p**2 - 17*p - 27. Let r be f(18). Determine v(r).
-9
Let k(i) = i**2 - 2*i**2 - 2*i**2 + 5*i - 1 - 9*i - 2 + 4*i**3. Calculate k(-2).
-39
Let h(u) = u. Let m = -3 + 11. Let z(j) = 5*j + m*j + 2 + 4*j - 12*j. Let a(b) = 4*h(b) - z(b). What is a(-4)?
2
Let r(f) be the first derivative of -23*f**4/4 - f**2/2 - f - 7. Suppose -27 = 2*v - 25. Give r(v).
23
Let g = 117 + -116. Let z(i) = -2*i**3 - i**2 - i + 2. Calculate z(g).
-2
Let r(m) = 4 + m - 3 + m. Let y(z) = -z**3 + 24*z**2 + 12*z - 289. Let f be y(24). What is r(f)?
-1
Let b(f) = 3*f - 1. Let l(v) = -4*v + 12. Let h be l(2). Suppose -3*c = -h*c + 4. What is b(c)?
11
Let l(i) be the third derivative of i**5/30 - i**3/6 - 5*i**2. Let m(c) be the first derivative of l(c). Suppose -1 = y - 3. Give m(y).
8
Suppose -12*o - 6 = -14*o. Let i(g) = o*g + 2*g - 7*g - g - g**2. Determine i(-4).
-4
Suppose 18 - 6 = 4*d. Let u(m) be the first derivative of -m**4/6 + 2*m**3/3 - 3*m - 9. Let v(f) be the first derivative of u(f). Calculate v(d).
-6
Let q(y) = -y**3 + 7*y**2 - 5*y. Let o = 13 + 8. Let j be 4/14 + (-2 - (-162)/o). What is q(j)?
6
Suppose 6*o + 20 = 16*o. Let r(h) be the second derivative of 1/2*h**o - h**3 + 0 - h. Calculate r(-2).
13
Suppose -3*u - 5*c - 31 = 42, -u = -4*c + 13. Let s = 31 + u. Suppose s*w - 8*w - 6 = 0. Let f(b) = -b**3 + 2*b**2 + 1. Calculate f(w).
-8
Suppose -31*p - 166 + 11 = 0. Let d(n) = -n**2 - 5*n - 3. Give d(p).
-3
Suppose 5*b + 16 - 21 = 0. Let l(p) = 6*p + 0 - b - 3*p - p. Calculate l(-1).
-3
Let v(u) = u - 4. Suppose 0 = -35*s + 24 - 94. Calculate v(s).
-6
Let z = -934 + 940. Let j(g) = -2*g**2 + 7*g + 8. What is j(z)?
-22
Let h(u) = 3*u**3 + 32*u**2 + 7. Let d(x) = -x**3 - 16*x**2 - 3. Let m(j) = 5*d(j) + 2*h(j). Determine m(16).
-1
Let g(p) = 4 + 2*p**2 - 2*p - p**2 - p**3 + 4*p**2. Let m(u) = u**2 - 14*u - 4. Let t(w) = w - 1. Let x(l) = m(l) + 3*t(l). Let v be x(12). Give g(v).
-6
Let o(g) = -2*g. Let n(f) = f**2 + 6*f - 23. Let j be n(-9). What is o(j)?
-8
Suppose 7*u - 2*u = 25. Suppose -2*m - 24 = 3*m - 4*g, -9 = m - u*g. Let n(c) = c**3 + 4*c**2 + 4*c - 1. Give n(m).
-17
Let m be 107/3 - (-10)/(-15). Let p be m/4 + (-42)/56. Let a(q) = -6*q + 2*q - 9 + 2*q + p*q**2 + 10. Calculate a(1).
7
Let y(d) = -3*d + 14 + 17 - 2 - 4. Let m be y(10). Let j(n) = -2*n + 4. Let h(v) = -v - 1. Let r(x) = -3*h(x) + j(x). Give r(m).
2
Suppose 2*z + 347 - 335 = 0. Let q(t) = -t**3 - 6*t**2 + 3*t + 9. Determine q(z).
-9
Let q(a) = -5*a - 5. Let m be q(-2). Suppose 6*w = w. Let p(s) = -s**3 + 5*s**2 + 4*s + w*s**2 - 5*s + 6. Give p(m).
1
Suppose 7*u - 12 = 4*u. Suppose -3*w - u*y = -18 - 2, -4*y + 8 = 0. Let n(p) = -4 + 3 - p**3 + 5 - w*p**2 + 5*p. Calculate n(-5).
4
Let t(q) = 22*q + 22*q - 2 - q**3 + 5*q**2 - 48*q. Suppose l - 4 = -0. Let f be (l/(-6) - -2)*3. What is t(f)?
-2
Let o(p) be the first derivative of 3*p**2/2 - 2*p - 1. Let h be (-1 - -2)*(4 + -4). Let b be h*4/16 + -2. Determine o(b).
-8
Let d be 10 - ((-16)/24)/((-4)/12). Let p(b) = -b + 5. Calculate p(d).
-3
Suppose 5*h = -5*l + 70, -4*l + 45 = 3*h - 2*l. Let j(v) = -v + 10*v**2 + 6 + 9*v**2 - h*v**2 - 2. Determine j(3).
19
Let c = 15 + -10. Suppose 4*n = 4*x + 4, 2*x = -c*n + 4*x + 20. Let y(d) = -7*d + 3. Let g(m) = -6*m + 3. Let f(z) = -6*g(z) + 5*y(z). Calculate f(n).
3
Let o(a) = -18*a + 4*a**2 + 12*a + a**3 + 9 + 5*a. What is o(-4)?
13
Let 